e the highest common factor of 5635973 and 61.
61
What is the greatest common factor of 349297 and 35114?
97
Calculate the greatest common divisor of 5365798 and 688.
86
What is the highest common factor of 19744467 and 266901?
6207
Calculate the greatest common divisor of 560 and 141242220.
140
What is the greatest common factor of 327 and 19789495?
109
Calculate the highest common factor of 69 and 6122301.
69
What is the highest common factor of 152 and 8289944?
8
What is the highest common factor of 12277173 and 57?
57
What is the highest common factor of 80510 and 20920?
10
What is the greatest common divisor of 601 and 477073800?
601
What is the greatest common divisor of 17798905 and 11605?
1055
Calculate the greatest common divisor of 999333 and 8103.
111
What is the greatest common factor of 22152078 and 37401?
5343
What is the highest common divisor of 7080 and 196335?
15
Calculate the highest common factor of 21807159 and 79431.
957
Calculate the highest common divisor of 19 and 52374431.
19
Calculate the highest common factor of 1734 and 14813256.
102
What is the highest common factor of 730 and 20890?
10
Calculate the highest common factor of 1387077 and 9625047.
7041
Calculate the highest common divisor of 935 and 595.
85
What is the greatest common factor of 9639 and 425187?
1071
Calculate the highest common factor of 89790 and 181770.
2190
What is the greatest common factor of 9782 and 6820171?
73
Calculate the greatest common factor of 6074864 and 160.
16
What is the greatest common factor of 3376 and 4905961?
211
What is the greatest common factor of 2501555 and 21?
7
What is the greatest common divisor of 6767 and 127367?
67
Calculate the greatest common factor of 18831291 and 9486.
1581
Calculate the greatest common factor of 134649 and 50733.
27
What is the highest common factor of 71058252 and 5016?
228
Calculate the highest common factor of 4192 and 4371208.
1048
What is the greatest common divisor of 561 and 10048533?
33
Calculate the greatest common divisor of 133932484 and 882.
98
Calculate the greatest common divisor of 88592 and 210519.
113
Calculate the highest common divisor of 3808 and 293454.
238
What is the greatest common factor of 85688679 and 18465?
3693
What is the highest common divisor of 3672 and 35853?
51
What is the highest common divisor of 1396323 and 940?
47
Calculate the highest common factor of 33332871 and 429.
429
What is the highest common factor of 15179 and 525331?
43
What is the greatest common divisor of 48122542 and 754?
754
Calculate the greatest common divisor of 238 and 43188558.
14
What is the greatest common divisor of 825748 and 269500?
2156
What is the highest common divisor of 518 and 21211841?
259
What is the highest common factor of 118036683 and 38?
19
What is the highest common divisor of 1382 and 2754?
2
What is the highest common divisor of 8620 and 203901790?
4310
What is the highest common factor of 16236901 and 31?
31
What is the greatest common factor of 928 and 5776384?
32
What is the highest common divisor of 1383251 and 1426?
31
What is the greatest common factor of 166737886 and 42?
14
Calculate the greatest common factor of 1642345 and 9080.
1135
Calculate the highest common factor of 759 and 1485087.
69
Calculate the highest common factor of 171235 and 17004380.
7445
What is the highest common divisor of 6473530 and 40?
10
What is the greatest common divisor of 196 and 16769711?
49
Calculate the highest common factor of 428284844 and 2626.
2626
Calculate the greatest common divisor of 66970 and 2087836.
74
What is the highest common divisor of 65894 and 2538?
94
Calculate the greatest common divisor of 11439 and 837.
279
Calculate the greatest common divisor of 15251185 and 920.
115
Calculate the greatest common factor of 20164332 and 48.
12
Calculate the greatest common divisor of 6154976 and 5296.
16
Calculate the highest common divisor of 3942 and 190782.
54
Calculate the greatest common divisor of 120 and 9398700.
60
Calculate the highest common divisor of 2845539 and 35364.
1263
Calculate the highest common factor of 136084 and 488332.
52
Calculate the highest common factor of 6890 and 120710.
10
Calculate the highest common factor of 90852 and 156.
12
What is the highest common factor of 88 and 9978632?
8
What is the highest common divisor of 49944 and 4734?
6
Calculate the greatest common divisor of 221 and 32179186.
13
What is the greatest common divisor of 32 and 2404301152?
32
What is the highest common factor of 3075 and 50946395?
205
Calculate the highest common divisor of 91 and 103189814.
91
What is the greatest common divisor of 124638 and 1266?
6
What is the greatest common divisor of 5481472 and 1919?
101
What is the highest common divisor of 3193391 and 80075?
3203
Calculate the highest common factor of 138624 and 17369154.
2166
What is the highest common factor of 78 and 9614202?
78
What is the greatest common divisor of 37558 and 384442?
422
What is the greatest common divisor of 30403703 and 2965?
593
Calculate the highest common divisor of 350830 and 13610.
10
What is the highest common divisor of 4562380 and 62580?
2980
What is the highest common divisor of 353 and 1005438604?
353
Calculate the greatest common factor of 3 and 4042911.
3
Calculate the greatest common divisor of 634 and 81653494.
634
What is the greatest common divisor of 9653371 and 17759?
301
Calculate the greatest common divisor of 6831 and 1415205.
297
Calculate the highest common factor of 170403 and 18881.
79
Calculate the greatest common factor of 2081616 and 11424.
816
What is the highest common factor of 92249988 and 156?
12
Calculate the greatest common divisor of 90094752 and 54.
18
Calculate the greatest common factor of 249761724 and 24.
12
What is the greatest common factor of 18 and 1382248?
2
Calculate the highest common factor of 7412553 and 2349.
81
What is the greatest common factor of 8995743 and 585?
9
What is the highest common divisor of 155043840 and 7725?
1545
What is the highest common divisor of 1326321 and 3132?
27
What is the highest common divisor of 4327451 and 1?
1
Calculate the greatest common divisor of 58284 and 1476.
36
What is the highest common factor of 3866146 and 8896?
278
Calculate the greatest common divisor of 4237865 and 24295.
215
What is the greatest common divisor of 245569291 and 88?
11
What is the highest common divisor of 341 and 32436767?
11
What is the highest common factor of 27521583 and 64635?
12927
Calculate the greatest common divisor of 184653 and 190701.
189
Calculate the greatest common divisor of 102303 and 51367473.
11367
Calculate the highest common factor of 627 and 10428682.
209
What is the highest common divisor of 22058242 and 52900?
1058
Calculate the highest common factor of 316903188 and 96.
12
Calculate the greatest common divisor of 16848 and 107165916.
4212
Calculate the highest common divisor of 39634 and 431206.
298
What is the greatest common divisor of 810 and 1986810?
30
Calculate the highest common factor of 101736126 and 918.
306
What is the greatest common factor of 16170 and 473745?
15
What is the highest common factor of 693665990 and 2?
2
Calculate the highest common factor of 3771 and 645372.
9
What is the greatest common factor of 8178 and 5179494?
282
Calculate the greatest common factor of 297 and 5621031.
9
Calculate the highest common factor of 60 and 4679115.
15
Calculate the highest common factor of 5264 and 12607.
7
Calculate the greatest common factor of 365104672 and 2644.
2644
What is the highest common factor of 116103 and 34138?
169
What is the highest common factor of 16099901 and 867?
289
What is the greatest common divisor of 979050 and 854?
122
What is the greatest common factor of 299 and 1466959?
13
Calculate the highest common divisor of 6558 and 62591738.
2186
What is the greatest common factor of 761816 and 7700?
44
Calculate the greatest common divisor of 347772 and 3362193.
1191
What is the highest common divisor of 8 and 170628446?
2
What is the highest common divisor of 5310480 and 42?
42
What is the greatest common factor of 7224912 and 15196?
524
What is the greatest common factor of 2201 and 3769972?
31
Calculate the greatest common divisor of 40551 and 543.
3
W